4/12 + (-2)/12. Calculate the highest common divisor of r and v.
13
Suppose v - 32 = -3*x, 0 = 2*x + 5*v - 15 - 2. Let w = 15 + -10. Suppose -2*i + 444 = 5*t, w*t - 448 = -3*i - i. What is the highest common divisor of x and t?
11
Let s be (3/(-2))/(1/(-14)). What is the highest common divisor of s and 14?
7
Suppose 0 = -p + 9 - 3. Let n(a) = -4*a**2 + 5*a**3 + 3*a + 2*a**3 + 0*a**3 + 3 - 5*a**3. Let c be n(3). Calculate the highest common divisor of p and c.
6
Let z be -4*((-231)/(-12))/(-7). Calculate the greatest common divisor of 121 and z.
11
Let n(l) = l + 8. Let h(b) = b**2 - 4*b + 2. Let p be h(5). Let q be n(p). Suppose 20 - 5 = 5*g. What is the highest common divisor of g and q?
3
Let n(d) = d**3 - 11*d**2 + 5*d - 13. Let f be n(11). What is the greatest common divisor of f and 28?
14
Let o be (-6)/(-9) + 1/3 + 71. What is the greatest common factor of 8 and o?
8
Suppose -541 = -4*m - 3*a, 542 = 4*m - a + 3*a. Let g = m + -86. Calculate the greatest common divisor of 20 and g.
10
Suppose -5*w + 32 = 12. Let h be 3 + 5 + w/(-2). Let o be (-1)/(-3) - (-166)/h. What is the greatest common divisor of 42 and o?
14
Let i(y) = 3*y**2 - y + 4. Let c be i(-5). Suppose x = 6*x - 15. Let b(p) = 6*p - 6. Let a be b(x). What is the greatest common factor of a and c?
12
Suppose 0 = 5*s - 2*u - 11, 3*u - 21 = -6*s + s. Suppose -3*v + 5*d = -70, -s*d = -3*v + 31 + 35. What is the greatest common factor of v and 50?
10
Let f be 1/2*(1 + 1). Suppose f + 9 = 2*r. Suppose -224 = -r*a + 216. Calculate the greatest common divisor of a and 11.
11
Suppose 0 = a + 6*a - 119. What is the greatest common factor of a and 17?
17
Let j(c) = c**2 - 3*c + 6. Let w be j(5). What is the greatest common divisor of 8 and w?
8
Suppose -121 = -2*w - 35. What is the highest common divisor of w and 172?
43
Suppose -6 = -2*c - c. Suppose 0*q = c*q - 30. What is the greatest common factor of 165 and q?
15
Suppose 14*s - 2*s = 288. Calculate the greatest common divisor of 192 and s.
24
Suppose 7*w + 5*m = 4*w + 119, -5*m + 152 = 4*w. What is the highest common factor of 11 and w?
11
Let p(t) = -3*t - 26. Let k be p(-22). What is the highest common divisor of 24 and k?
8
Suppose 4*k - 5*t - 85 = 28, -3*k + 81 = -5*t. What is the greatest common factor of 16 and k?
16
Let c(d) = -d**2 + 6*d + 4. Let x be c(4). Suppose 0 = 5*f + k - 659, -2*k - 262 - 136 = -3*f. Calculate the greatest common divisor of f and x.
12
Let k be (-4)/10 + 96/15. Let b be -51*1*(-2)/k. What is the greatest common factor of 187 and b?
17
Let d be (500/30)/(2/27). What is the highest common factor of d and 25?
25
Let v = 91 - 37. What is the greatest common factor of 6 and v?
6
Suppose -5*v - 33 = -4*g, 0*v = -3*v - 4*g - 39. Let c = v + 14. What is the highest common divisor of c and 15?
5
Suppose 2*u = u - 2*j + 370, j = -4. Calculate the greatest common divisor of u and 42.
42
Suppose 3*w + 384 = 4*s + 156, s = w + 56. What is the highest common factor of 12 and s?
12
Let q(s) = -s - 1. Let y(w) = -2*w**2 + 3*w + 1. Let b(d) = 6*q(d) - y(d). Let c be b(7). Let v be 328/24 + 2/6. What is the highest common factor of v and c?
14
Let d be -10*((-5)/(-2))/(-5). Suppose -2*s = -3*s + 2*u + 9, -3*u - 31 = -d*s. What is the highest common factor of s and 35?
5
Let b = 3 + 69. Calculate the greatest common factor of b and 24.
24
Suppose 8 - 4 = 2*y. Let m = 3 + y. Suppose -64 = m*o - 414. Calculate the greatest common divisor of 28 and o.
14
Let v = 6 + -4. Let z be v*-2*63/(-14). What is the greatest common divisor of 54 and z?
18
Suppose 4*d - 2*h - 203 = -7*h, -4*d = 4*h - 204. What is the greatest common divisor of d and 78?
26
Suppose 4*i - 5*i = 3*d - 39, 5*i = -3*d + 231. Calculate the highest common factor of 12 and i.
12
Let o be 4/(-8)*(-2)/(-1). Let d be 17 + 0 - (o - 0). Suppose 0 = -2*q + 3 + 51. Calculate the highest common factor of d and q.
9
Let a = 53 + -8. Let n be 0 - (-10)/(0 + 2). What is the highest common divisor of a and n?
5
Let u(x) = x**2 - 2*x + 1. Let g be u(4). What is the greatest common divisor of 18 and g?
9
Let q(j) = 12*j**3 - j. Let c be q(1). Suppose -7*r + 6*r = 130. Let t = r + 207. What is the highest common divisor of c and t?
11
Let a = 6 + 1. Let v = 126 + -40. Let p = v - 23. What is the highest common factor of p and a?
7
Let p = 7 - 3. Let z = 24 - 19. Suppose -z*v = -5*a + 35 - 0, 2*a + 5*v = 21. What is the highest common divisor of p and a?
4
Let j = 22 + 76. Let y = -16 - -16. Suppose 29 = 2*p - 2*t + t, -5*p + 3*t + 73 = y. What is the greatest common divisor of j and p?
14
Let m = 8 + -5. Let a(h) = -h**3 - h**2 - 2*h + 3. Let f be a(-3). What is the highest common divisor of m and f?
3
Let d be (-61)/(-2) - (-12)/(-8). Let r = 40 - d. Calculate the highest common factor of 55 and r.
11
Suppose -3*z + 12 = 5*b - 2*z, -4 = -b - z. Let g(d) = 6*d**3 + d**2 - d - 2. Let p be g(b). What is the greatest common factor of 32 and p?
16
Suppose -7*p = -3*p - 16. Suppose p*t - t - 210 = 0. What is the greatest common factor of t and 7?
7
Suppose -2*n = 2*s - 25 + 5, 3*s = -4*n + 38. Let m(v) = -v**3 + 7*v**2 + 9*v + 8. Let f be m(n). What is the greatest common divisor of 8 and f?
8
Let n be (9 - 5) + (-1 - -2). Let h = 49 - 4. What is the greatest common divisor of h and n?
5
Suppose 0 = -6*x + x + 420. Let s(p) = 5*p - 1 - 4*p + 7. Let f be s(6). What is the highest common factor of x and f?
12
Let k = -532 - -935. Let x = -273 + k. Calculate the greatest common divisor of 26 and x.
26
Let u be (-1*2)/((-2)/9). Let y be (-4)/(-18) + 97/u. Let l be 134/y - 10/55. What is the greatest common divisor of 60 and l?
12
Let k = 8 - 5. Suppose k*j = j + 4. What is the highest common factor of j and 8?
2
Suppose -3*u + 0 = -3, 138 = 3*y + 3*u. Calculate the highest common divisor of y and 9.
9
Suppose -5*s + 3*b + 20 = 0, s + 2*b = 5*b + 4. Let u = s - 1. What is the highest common divisor of u and 24?
3
Let n = -47 + 133. Suppose -5*h = -n + 6. Calculate the greatest common factor of h and 176.
16
Let c = 28 + 6. What is the greatest common factor of c and 136?
34
Let y(g) = -g**3 + 3*g**2 + 4*g + 3. Suppose -11 - 1 = 4*p. Let k be y(p). Calculate the highest common divisor of k and 5.
5
Suppose -130 = -4*x - 2*c, -3*x + 85 = 4*c - 0*c. What is the greatest common divisor of 15 and x?
5
Let c be (-2)/4 + 90/4. Let b = 609 - 367. Calculate the highest common divisor of c and b.
22
Let w be -1*(0 - -3) + (23 - -3). Calculate the highest common divisor of w and 69.
23
Let p = 184 - 178. Calculate the highest common divisor of p and 186.
6
Suppose -120 = 4*p + p. Let q be ((-8)/p)/(2/12). Suppose 15 = -2*i + 5*i. What is the greatest common divisor of i and q?
1
Let q(a) = a**2 + 5*a + 4. Suppose 3*r + 0*r + 9 = 0. Let c be q(r). Let t be (14 - c) + -2*1. Calculate the greatest common divisor of 98 and t.
14
Let o = 50 - 26. What is the highest common factor of o and 3?
3
Let p(a) = 5*a**2 + 3*a - 1. Let z be p(-3). Suppose 2*o - 5 = z. Calculate the highest common factor of o and 20.
20
Let b be 2 - (-5)/10*316. Calculate the highest common factor of 10 and b.
10
Suppose -2*u + 75 = 3*u. Let b be 4/(-3)*3/(-2). Let w be -2 + 1 + b + 29. Calculate the highest common divisor of w and u.
15
Let a(d) = -d**2 + 5*d + 3. Let j be a(5). Suppose -27 = -j*i + 6. Let s = 160 + -83. What is the greatest common divisor of i and s?
11
Let r(o) = o + 2. Let f be r(4). Calculate the highest common factor of f and 48.
6
Suppose -28*p = -15*p - 507. Calculate the highest common factor of p and 52.
13
Let o be (-8)/(-20) + 1104/(-10). Let z = 32 + o. Let f = -48 - z. Calculate the greatest common divisor of 20 and f.
10
Let n = 8 - 6. Suppose 0 = -n*o + 4*o - 6. What is the greatest common divisor of o and 15?
3
Let i(f) = f**3 + 4*f**2 + 4*f + 3. Let h be i(-3). Let a = 5 - 12. Let y be (a + h)/(-1 - 0). What is the greatest common factor of y and 7?
7
Suppose -2*j - j = 0. Suppose j = -4*f + 140 + 20. Suppose -d = -2*d + f. Calculate the greatest common factor of d and 10.
10
Let d be (-1 + 0)*(-300)/2. What is the greatest common divisor of 30 and d?
30
Let w be (-2 - -5) + 1*-2. Let j = -21 + 31. Suppose -8*z + 3*z + j = 0. Calculate the greatest common factor of w and z.
1
Suppose 5*